[INFO] cloning repository https://github.com/El-Wumbus/Bot-of-Justice
[INFO] running `Command { std: "git" "-c" "credential.helper=" "-c" "credential.helper=/workspace/cargo-home/bin/git-credential-null" "clone" "--bare" "https://github.com/El-Wumbus/Bot-of-Justice" "/workspace/cache/git-repos/https%3A%2F%2Fgithub.com%2FEl-Wumbus%2FBot-of-Justice", kill_on_drop: false }`
[INFO] [stderr] Cloning into bare repository '/workspace/cache/git-repos/https%3A%2F%2Fgithub.com%2FEl-Wumbus%2FBot-of-Justice'...
[INFO] running `Command { std: "git" "rev-parse" "HEAD", kill_on_drop: false }`
[INFO] [stdout] 9810eeffa91d2568c08d35da3361c4a7137a4046
[INFO] checking El-Wumbus/Bot-of-Justice against master#e6e4f7ed1589e03bc2f6c5931c1a72e7947e8682 for beta-170-4
[INFO] running `Command { std: "git" "clone" "/workspace/cache/git-repos/https%3A%2F%2Fgithub.com%2FEl-Wumbus%2FBot-of-Justice" "/workspace/builds/worker-5-tc2/source", kill_on_drop: false }`
[INFO] [stderr] Cloning into '/workspace/builds/worker-5-tc2/source'...
[INFO] [stderr] done.
[INFO] validating manifest of git repo https://github.com/El-Wumbus/Bot-of-Justice on toolchain e6e4f7ed1589e03bc2f6c5931c1a72e7947e8682
[INFO] running `Command { std: CARGO_HOME="/workspace/cargo-home" RUSTUP_HOME="/workspace/rustup-home" "/workspace/cargo-home/bin/cargo" "+e6e4f7ed1589e03bc2f6c5931c1a72e7947e8682" "metadata" "--manifest-path" "Cargo.toml" "--no-deps", kill_on_drop: false }`
[INFO] started tweaking git repo https://github.com/El-Wumbus/Bot-of-Justice
[INFO] finished tweaking git repo https://github.com/El-Wumbus/Bot-of-Justice
[INFO] tweaked toml for git repo https://github.com/El-Wumbus/Bot-of-Justice written to /workspace/builds/worker-5-tc2/source/Cargo.toml
[INFO] crate git repo https://github.com/El-Wumbus/Bot-of-Justice already has a lockfile, it will not be regenerated
[INFO] running `Command { std: CARGO_HOME="/workspace/cargo-home" RUSTUP_HOME="/workspace/rustup-home" "/workspace/cargo-home/bin/cargo" "+e6e4f7ed1589e03bc2f6c5931c1a72e7947e8682" "fetch" "--manifest-path" "Cargo.toml", kill_on_drop: false }`
[INFO] [stderr]     Updating crates.io index
[INFO] running `Command { std: "docker" "create" "-v" "/var/lib/crater-agent-workspace/builds/worker-5-tc2/target:/opt/rustwide/target:rw,Z" "-v" "/var/lib/crater-agent-workspace/builds/worker-5-tc2/source:/opt/rustwide/workdir:ro,Z" "-v" "/var/lib/crater-agent-workspace/cargo-home:/opt/rustwide/cargo-home:ro,Z" "-v" "/var/lib/crater-agent-workspace/rustup-home:/opt/rustwide/rustup-home:ro,Z" "-e" "SOURCE_DIR=/opt/rustwide/workdir" "-e" "CARGO_TARGET_DIR=/opt/rustwide/target" "-e" "CARGO_HOME=/opt/rustwide/cargo-home" "-e" "RUSTUP_HOME=/opt/rustwide/rustup-home" "-w" "/opt/rustwide/workdir" "-m" "1610612736" "--user" "0:0" "--network" "none" "ghcr.io/rust-lang/crates-build-env/linux@sha256:5ff2268d62e97bff2cde7d5815dd6ed5b47097566f13b8d0ca110b04b60e07ed" "/opt/rustwide/cargo-home/bin/cargo" "+e6e4f7ed1589e03bc2f6c5931c1a72e7947e8682" "metadata" "--no-deps" "--format-version=1", kill_on_drop: false }`
[INFO] [stdout] 6ac080ff1fd3bde8ff24a8f3af0098c203b54145e9006c01802150faf6a03f9f
[INFO] running `Command { std: "docker" "start" "-a" "6ac080ff1fd3bde8ff24a8f3af0098c203b54145e9006c01802150faf6a03f9f", kill_on_drop: false }`
[INFO] running `Command { std: "docker" "inspect" "6ac080ff1fd3bde8ff24a8f3af0098c203b54145e9006c01802150faf6a03f9f", kill_on_drop: false }`
[INFO] running `Command { std: "docker" "rm" "-f" "6ac080ff1fd3bde8ff24a8f3af0098c203b54145e9006c01802150faf6a03f9f", kill_on_drop: false }`
[INFO] [stdout] 6ac080ff1fd3bde8ff24a8f3af0098c203b54145e9006c01802150faf6a03f9f
[INFO] running `Command { std: "docker" "create" "-v" "/var/lib/crater-agent-workspace/builds/worker-5-tc2/target:/opt/rustwide/target:rw,Z" "-v" "/var/lib/crater-agent-workspace/builds/worker-5-tc2/source:/opt/rustwide/workdir:ro,Z" "-v" "/var/lib/crater-agent-workspace/cargo-home:/opt/rustwide/cargo-home:ro,Z" "-v" "/var/lib/crater-agent-workspace/rustup-home:/opt/rustwide/rustup-home:ro,Z" "-e" "SOURCE_DIR=/opt/rustwide/workdir" "-e" "CARGO_TARGET_DIR=/opt/rustwide/target" "-e" "CARGO_INCREMENTAL=0" "-e" "RUST_BACKTRACE=full" "-e" "RUSTFLAGS=--cap-lints=forbid" "-e" "RUSTDOCFLAGS=--cap-lints=forbid" "-e" "CARGO_HOME=/opt/rustwide/cargo-home" "-e" "RUSTUP_HOME=/opt/rustwide/rustup-home" "-w" "/opt/rustwide/workdir" "-m" "1610612736" "--user" "0:0" "--network" "none" "ghcr.io/rust-lang/crates-build-env/linux@sha256:5ff2268d62e97bff2cde7d5815dd6ed5b47097566f13b8d0ca110b04b60e07ed" "/opt/rustwide/cargo-home/bin/cargo" "+e6e4f7ed1589e03bc2f6c5931c1a72e7947e8682" "check" "--frozen" "--all" "--all-targets" "--message-format=json", kill_on_drop: false }`
[INFO] [stdout] 1568e1cb6bd9b7f7d9cbc85f24e514bd2c3e475faf0e785374385dfd41d9f086
[INFO] running `Command { std: "docker" "start" "-a" "1568e1cb6bd9b7f7d9cbc85f24e514bd2c3e475faf0e785374385dfd41d9f086", kill_on_drop: false }`
[INFO] [stderr]    Compiling autocfg v1.1.0
[INFO] [stderr]    Compiling libc v0.2.139
[INFO] [stderr]    Compiling proc-macro2 v1.0.59
[INFO] [stderr]    Compiling unicode-ident v1.0.6
[INFO] [stderr]    Compiling quote v1.0.23
[INFO] [stderr]    Compiling syn v1.0.107
[INFO] [stderr]     Checking cfg-if v1.0.0
[INFO] [stderr]    Compiling log v0.4.17
[INFO] [stderr]    Compiling cc v1.0.78
[INFO] [stderr]    Compiling version_check v0.9.4
[INFO] [stderr]    Compiling memchr v2.5.0
[INFO] [stderr]     Checking once_cell v1.17.0
[INFO] [stderr]    Compiling serde_derive v1.0.152
[INFO] [stderr]     Checking fnv v1.0.7
[INFO] [stderr]    Compiling slab v0.4.7
[INFO] [stderr]     Checking cfg-if v0.1.10
[INFO] [stderr]    Compiling serde v1.0.152
[INFO] [stderr]     Checking futures v0.1.31
[INFO] [stderr]     Checking byteorder v1.4.3
[INFO] [stderr]    Compiling semver-parser v0.7.0
[INFO] [stderr]     Checking lazy_static v1.4.0
[INFO] [stderr]     Checking tinyvec_macros v0.1.0
[INFO] [stderr]     Checking tinyvec v1.6.0
[INFO] [stderr]    Compiling crossbeam-utils v0.7.2
[INFO] [stderr]     Checking itoa v1.0.5
[INFO] [stderr]     Checking num_cpus v1.15.0
[INFO] [stderr]    Compiling semver v0.9.0
[INFO] [stderr]     Checking pin-project-lite v0.2.9
[INFO] [stderr]    Compiling maybe-uninit v2.0.0
[INFO] [stderr]     Checking iovec v0.1.4
[INFO] [stderr]    Compiling rustc_version v0.2.3
[INFO] [stderr]     Checking bytes v1.3.0
[INFO] [stderr]     Checking unicode-bidi v0.3.8
[INFO] [stderr]    Compiling pkg-config v0.3.26
[INFO] [stderr]     Checking either v1.8.0
[INFO] [stderr]    Compiling ring v0.16.20
[INFO] [stderr]    Compiling tokio v1.23.0
[INFO] [stderr]    Compiling indexmap v1.9.2
[INFO] [stderr]     Checking bytes v0.4.12
[INFO] [stderr]    Compiling futures-core v0.3.25
[INFO] [stderr]     Checking unicode-normalization v0.1.22
[INFO] [stderr]    Compiling httparse v1.8.0
[INFO] [stderr]     Checking mio v0.8.5
[INFO] [stderr]     Checking socket2 v0.4.7
[INFO] [stderr]    Compiling autocfg v0.1.8
[INFO] [stderr]    Compiling openssl-sys v0.9.80
[INFO] [stderr]     Checking scopeguard v1.1.0
[INFO] [stderr]     Checking rand_core v0.4.2
[INFO] [stderr]     Checking hashbrown v0.12.3
[INFO] [stderr]    Compiling futures-task v0.3.25
[INFO] [stderr]     Checking bitflags v1.3.2
[INFO] [stderr]     Checking futures-sink v0.3.25
[INFO] [stderr]     Checking untrusted v0.7.1
[INFO] [stderr]     Checking try-lock v0.2.3
[INFO] [stderr]     Checking spin v0.5.2
[INFO] [stderr]     Checking percent-encoding v2.2.0
[INFO] [stderr]    Compiling futures-channel v0.3.25
[INFO] [stderr]     Checking form_urlencoded v1.1.0
[INFO] [stderr]     Checking tokio-executor v0.1.10
[INFO] [stderr]    Compiling parking_lot_core v0.6.3
[INFO] [stderr]    Compiling memoffset v0.5.6
[INFO] [stderr]    Compiling unicase v2.6.0
[INFO] [stderr]    Compiling typenum v1.16.0
[INFO] [stderr]    Compiling openssl v0.10.45
[INFO] [stderr]     Checking foreign-types-shared v0.1.1
[INFO] [stderr]    Compiling futures-util v0.3.25
[INFO] [stderr]     Checking foreign-types v0.3.2
[INFO] [stderr]     Checking idna v0.3.0
[INFO] [stderr]     Checking http v0.2.8
[INFO] [stderr]     Checking smallvec v0.6.14
[INFO] [stderr]    Compiling parking_lot v0.9.0
[INFO] [stderr]     Checking time v0.1.45
[INFO] [stderr]    Compiling crossbeam-epoch v0.8.2
[INFO] [stderr]    Compiling num-traits v0.2.15
[INFO] [stderr]    Compiling generic-array v0.14.6
[INFO] [stderr]     Checking pin-utils v0.1.0
[INFO] [stderr]    Compiling native-tls v0.2.11
[INFO] [stderr]     Checking futures-io v0.3.25
[INFO] [stderr]     Checking matches v0.1.9
[INFO] [stderr]     Checking rand_core v0.3.1
[INFO] [stderr]     Checking lock_api v0.3.4
[INFO] [stderr]     Checking tokio-io v0.1.13
[INFO] [stderr]     Checking net2 v0.2.38
[INFO] [stderr]     Checking tracing-core v0.1.30
[INFO] [stderr]     Checking openssl-probe v0.1.5
[INFO] [stderr]     Checking adler v1.0.2
[INFO] [stderr]     Checking itoa v0.4.8
[INFO] [stderr]    Compiling rustls v0.20.7
[INFO] [stderr]     Checking mio v0.6.23
[INFO] [stderr]     Checking miniz_oxide v0.6.2
[INFO] [stderr]     Checking tokio-sync v0.1.8
[INFO] [stderr]     Checking ryu v1.0.12
[INFO] [stderr]    Compiling serde_json v1.0.91
[INFO] [stderr]    Compiling mime_guess v2.0.4
[INFO] [stderr]     Checking webpki v0.22.0
[INFO] [stderr]     Checking sct v0.7.0
[INFO] [stderr]     Checking tokio-reactor v0.1.12
[INFO] [stderr]     Checking crossbeam-deque v0.7.4
[INFO] [stderr]     Checking http v0.1.21
[INFO] [stderr]     Checking idna v0.1.5
[INFO] [stderr]    Compiling rand_chacha v0.1.1
[INFO] [stderr]    Compiling rand_pcg v0.1.2
[INFO] [stderr]     Checking crossbeam-queue v0.2.3
[INFO] [stderr]    Compiling backtrace v0.3.67
[INFO] [stderr]     Checking getrandom v0.2.8
[INFO] [stderr]    Compiling encoding_rs v0.8.31
[INFO] [stderr]     Checking gimli v0.27.0
[INFO] [stderr]    Compiling crc32fast v1.3.2
[INFO] [stderr]     Checking percent-encoding v1.0.1
[INFO] [stderr]    Compiling failure_derive v0.1.8
[INFO] [stderr]    Compiling unicode-xid v0.2.4
[INFO] [stderr]    Compiling synstructure v0.12.6
[INFO] [stderr]     Checking url v1.7.2
[INFO] [stderr]     Checking rand_core v0.6.4
[INFO] [stderr]     Checking tokio-threadpool v0.1.18
[INFO] [stderr]     Checking tokio-tcp v0.1.4
[INFO] [stderr]     Checking crypto-common v0.1.6
[INFO] [stderr]     Checking block-buffer v0.10.3
[INFO] [stderr]     Checking http-body v0.4.5
[INFO] [stderr]     Checking tokio-timer v0.2.13
[INFO] [stderr]     Checking tokio-current-thread v0.1.7
[INFO] [stderr]     Checking want v0.3.0
[INFO] [stderr]    Compiling rand v0.6.5
[INFO] [stderr]     Checking string v0.2.1
[INFO] [stderr]     Checking tokio-buf v0.1.1
[INFO] [stderr]    Compiling hyper v0.12.36
[INFO] [stderr]     Checking object v0.30.0
[INFO] [stderr]    Compiling num-integer v0.1.45
[INFO] [stderr]    Compiling proc-macro-error-attr v1.0.4
[INFO] [stderr]     Checking ppv-lite86 v0.2.17
[INFO] [stderr]     Checking tower-service v0.3.2
[INFO] [stderr]     Checking httpdate v1.0.2
[INFO] [stderr]     Checking base64 v0.13.1
[INFO] [stderr]     Checking mime v0.3.16
[INFO] [stderr]     Checking rustc-demangle v0.1.21
[INFO] [stderr]    Compiling thiserror v1.0.38
[INFO] [stderr]     Checking http-body v0.1.0
[INFO] [stderr]     Checking rand_chacha v0.3.1
[INFO] [stderr]     Checking h2 v0.1.26
[INFO] [stderr]     Checking tokio v0.1.22
[INFO] [stderr]     Checking digest v0.10.6
[INFO] [stderr]     Checking rand_xorshift v0.1.1
[INFO] [stderr]     Checking rand_isaac v0.1.1
[INFO] [stderr]     Checking addr2line v0.19.0
[INFO] [stderr]     Checking rand_hc v0.1.0
[INFO] [stderr]     Checking idna v0.2.3
[INFO] [stderr]     Checking want v0.2.0
[INFO] [stderr]     Checking rand_os v0.1.3
[INFO] [stderr]     Checking rand_jitter v0.1.4
[INFO] [stderr]     Checking futures-cpupool v0.1.8
[INFO] [stderr]    Compiling proc-macro-error v1.0.4
[INFO] [stderr]     Checking cpufeatures v0.2.5
[INFO] [stderr]     Checking sha-1 v0.10.1
[INFO] [stderr]    Compiling tokio-macros v1.8.2
[INFO] [stderr]    Compiling openssl-macros v0.1.0
[INFO] [stderr]    Compiling tracing-attributes v0.1.23
[INFO] [stderr]    Compiling thiserror-impl v1.0.38
[INFO] [stderr]     Checking flate2 v1.0.25
[INFO] [stderr]     Checking failure v0.1.8
[INFO] [stderr]     Checking rand v0.8.5
[INFO] [stderr]     Checking tracing v0.1.37
[INFO] [stderr]     Checking cookie v0.12.0
[INFO] [stderr]     Checking webpki-roots v0.22.6
[INFO] [stderr]     Checking aho-corasick v0.7.20
[INFO] [stderr]     Checking try_from v0.3.2
[INFO] [stderr]    Compiling async-trait v0.1.60
[INFO] [stderr]     Checking utf-8 v0.7.6
[INFO] [stderr]     Checking regex-syntax v0.6.28
[INFO] [stderr]     Checking iana-time-zone v0.1.53
[INFO] [stderr]    Compiling unicode-segmentation v1.10.0
[INFO] [stderr]     Checking dtoa v0.4.8
[INFO] [stderr]     Checking unicode-width v0.1.10
[INFO] [stderr]     Checking bit-vec v0.6.3
[INFO] [stderr]     Checking textwrap v0.11.0
[INFO] [stderr]    Compiling heck v0.3.3
[INFO] [stderr]     Checking bit-set v0.5.3
[INFO] [stderr]     Checking uuid v0.7.4
[INFO] [stderr]     Checking rustls-pemfile v1.0.1
[INFO] [stderr]     Checking ordered-float v2.10.0
[INFO] [stderr]     Checking atty v0.2.14
[INFO] [stderr]     Checking dirs-sys-next v0.1.2
[INFO] [stderr]     Checking base64 v0.10.1
[INFO] [stderr]     Checking time-core v0.1.0
[INFO] [stderr]     Checking strsim v0.8.0
[INFO] [stderr]     Checking ansi_term v0.12.1
[INFO] [stderr]     Checking ipnet v2.7.0
[INFO] [stderr]     Checking vec_map v0.8.2
[INFO] [stderr]    Compiling serenity v0.11.5
[INFO] [stderr]    Compiling structopt-derive v0.4.18
[INFO] [stderr]     Checking dirs-next v1.0.2
[INFO] [stderr]     Checking clap v2.34.0
[INFO] [stderr]     Checking futures v0.3.25
[INFO] [stderr]     Checking hyper-tls v0.3.2
[INFO] [stderr]    Compiling venial v0.5.0
[INFO] [stderr]     Checking typemap_rev v0.1.5
[INFO] [stderr]    Compiling heck v0.4.1
[INFO] [stderr]     Checking truncrate v0.1.3
[INFO] [stderr]     Checking regex v1.7.0
[INFO] [stderr]     Checking platform-dirs v0.3.0
[INFO] [stderr]     Checking json v0.12.4
[INFO] [stderr]     Checking tokio-util v0.7.4
[INFO] [stderr]     Checking tokio-rustls v0.23.4
[INFO] [stderr]     Checking tokio-native-tls v0.3.0
[INFO] [stderr]    Compiling structstruck v0.4.1
[INFO] [stderr]     Checking h2 v0.3.15
[INFO] [stderr]     Checking structopt v0.3.26
[INFO] [stderr]     Checking fancy-regex v0.10.0
[INFO] [stderr]     Checking currency_rs v1.1.2
[INFO] [stderr]     Checking url v2.3.1
[INFO] [stderr]     Checking chrono v0.4.23
[INFO] [stderr]     Checking serde_urlencoded v0.7.1
[INFO] [stderr]     Checking serde_urlencoded v0.5.5
[INFO] [stderr]     Checking time v0.3.17
[INFO] [stderr]     Checking serde-value v0.7.0
[INFO] [stderr]     Checking toml v0.5.10
[INFO] [stderr]     Checking publicsuffix v1.5.6
[INFO] [stderr]     Checking tungstenite v0.17.3
[INFO] [stderr]     Checking cookie_store v0.7.0
[INFO] [stderr]     Checking wd_log v0.1.5
[INFO] [stderr]     Checking tokio_schedule v0.3.0
[INFO] [stderr]     Checking async-tungstenite v0.17.2
[INFO] [stderr]     Checking reqwest v0.9.24
[INFO] [stderr]     Checking hyper v0.14.23
[INFO] [stderr]     Checking wikipedia v0.3.3 (https://github.com/El-Wumbus/wikipedia-rs#c66044f1)
[INFO] [stderr]     Checking hyper-rustls v0.23.2
[INFO] [stderr]     Checking hyper-tls v0.5.0
[INFO] [stderr]     Checking reqwest v0.11.13
[INFO] [stderr]     Checking bot_of_justice v0.4.0 (/opt/rustwide/workdir)
[INFO] [stdout] error: expected `{`, found `,`
[INFO] [stdout]   --> src/main.rs:57:10
[INFO] [stdout]    |
[INFO] [stdout] 55 |         Some(x) => if match x.log_to_file{
[INFO] [stdout]    |                 -- while parsing the `match` arm starting here
[INFO] [stdout] 56 |
[INFO] [stdout] 57 |         },
[INFO] [stdout]    |          ^ expected `{`
[INFO] [stdout]    |
[INFO] [stdout] note: the `if` expression is missing a block after this condition
[INFO] [stdout]   --> src/main.rs:55:23
[INFO] [stdout]    |
[INFO] [stdout] 55 |           Some(x) => if match x.log_to_file{
[INFO] [stdout]    |  _______________________^
[INFO] [stdout] 56 | |
[INFO] [stdout] 57 | |         },
[INFO] [stdout]    | |_________^
[INFO] [stdout] 
[INFO] [stdout] 
[INFO] [stdout] error: expected `;`, found `wd_log`
[INFO] [stdout]   --> src/main.rs:59:6
[INFO] [stdout]    |
[INFO] [stdout] 59 |     }
[INFO] [stdout]    |      ^ help: add `;` here
[INFO] [stdout] 60 |     wd_log::output_to_file(LOGFILE)
[INFO] [stdout]    |     ------ unexpected token
[INFO] [stdout] 
[INFO] [stdout] 
[INFO] [stdout] error: expected `;`, found `log_info_ln`
[INFO] [stdout]   --> src/main.rs:60:36
[INFO] [stdout]    |
[INFO] [stdout] 60 |     wd_log::output_to_file(LOGFILE)
[INFO] [stdout]    |                                    ^ help: add `;` here
[INFO] [stdout] 61 |
[INFO] [stdout] 62 |     log_info_ln!(
[INFO] [stdout]    |     ----------- unexpected token
[INFO] [stdout] 
[INFO] [stdout] 
[INFO] [stdout] error: expected `{`, found `,`
[INFO] [stdout]   --> src/main.rs:57:10
[INFO] [stdout]    |
[INFO] [stdout] 55 |         Some(x) => if match x.log_to_file{
[INFO] [stdout]    |                 -- while parsing the `match` arm starting here
[INFO] [stdout] 56 |
[INFO] [stdout] 57 |         },
[INFO] [stdout]    |          ^ expected `{`
[INFO] [stdout]    |
[INFO] [stdout] note: the `if` expression is missing a block after this condition
[INFO] [stdout]   --> src/main.rs:55:23
[INFO] [stdout]    |
[INFO] [stdout] 55 |           Some(x) => if match x.log_to_file{
[INFO] [stdout]    |  _______________________^
[INFO] [stdout] 56 | |
[INFO] [stdout] 57 | |         },
[INFO] [stdout]    | |_________^
[INFO] [stdout] 
[INFO] [stdout] 
[INFO] [stdout] error: expected `;`, found `wd_log`
[INFO] [stdout]   --> src/main.rs:59:6
[INFO] [stdout]    |
[INFO] [stdout] 59 |     }
[INFO] [stdout]    |      ^ help: add `;` here
[INFO] [stdout] 60 |     wd_log::output_to_file(LOGFILE)
[INFO] [stdout]    |     ------ unexpected token
[INFO] [stdout] 
[INFO] [stdout] 
[INFO] [stdout] error: expected `;`, found `log_info_ln`
[INFO] [stdout]   --> src/main.rs:60:36
[INFO] [stdout]    |
[INFO] [stdout] 60 |     wd_log::output_to_file(LOGFILE)
[INFO] [stdout]    |                                    ^ help: add `;` here
[INFO] [stdout] 61 |
[INFO] [stdout] 62 |     log_info_ln!(
[INFO] [stdout]    |     ----------- unexpected token
[INFO] [stdout] 
[INFO] [stdout] 
[INFO] [stdout] error: unexpected end of macro invocation
[INFO] [stdout]    --> src/main.rs:33:6
[INFO] [stdout]     |
[INFO] [stdout] 33  |     }
[INFO] [stdout]     |      ^ missing tokens in macro arguments
[INFO] [stdout]     |
[INFO] [stdout] note: while trying to match `;`
[INFO] [stdout]    --> /opt/rustwide/cargo-home/registry/src/index.crates.io-6f17d22bba15001f/lazy_static-1.4.0/src/lib.rs:168:61
[INFO] [stdout]     |
[INFO] [stdout] 168 |     ($(#[$attr:meta])* static ref $N:ident : $T:ty = $e:expr; $($t:tt)*) => {
[INFO] [stdout]     |                                                             ^
[INFO] [stdout] 
[INFO] [stdout] 
[INFO] [stdout] error: expected curly braces
[INFO] [stdout]   --> src/main.rs:57:10
[INFO] [stdout]    |
[INFO] [stdout] 57 |         },
[INFO] [stdout]    |          ^
[INFO] [stdout] 
[INFO] [stdout] 
[INFO] [stdout] error: unexpected end of macro invocation
[INFO] [stdout]    --> src/main.rs:33:6
[INFO] [stdout]     |
[INFO] [stdout] 33  |     }
[INFO] [stdout]     |      ^ missing tokens in macro arguments
[INFO] [stdout]     |
[INFO] [stdout] note: while trying to match `;`
[INFO] [stdout]    --> /opt/rustwide/cargo-home/registry/src/index.crates.io-6f17d22bba15001f/lazy_static-1.4.0/src/lib.rs:168:61
[INFO] [stdout]     |
[INFO] [stdout] 168 |     ($(#[$attr:meta])* static ref $N:ident : $T:ty = $e:expr; $($t:tt)*) => {
[INFO] [stdout]     |                                                             ^
[INFO] [stdout] 
[INFO] [stdout] 
[INFO] [stdout] error: expected curly braces
[INFO] [stdout]   --> src/main.rs:57:10
[INFO] [stdout]    |
[INFO] [stdout] 57 |         },
[INFO] [stdout]    |          ^
[INFO] [stdout] 
[INFO] [stdout] 
[INFO] [stdout] warning: unreachable statement
[INFO] [stdout]   --> src/main.rs:60:5
[INFO] [stdout]    |
[INFO] [stdout] 53 |       let log_to_file = match configs::CONFIG.behavior
[INFO] [stdout]    |  _______________________-
[INFO] [stdout] 54 | |     {
[INFO] [stdout] 55 | |         Some(x) => if match x.log_to_file{
[INFO] [stdout] 56 | |
[INFO] [stdout] 57 | |         },
[INFO] [stdout] 58 | |         _() => false,
[INFO] [stdout] 59 | |     }
[INFO] [stdout]    | |_____- any code following this expression is unreachable
[INFO] [stdout] 60 |       wd_log::output_to_file(LOGFILE)
[INFO] [stdout]    |       ^^^^^^^^^^^^^^^^^^^^^^^^^^^^^^^ unreachable statement
[INFO] [stdout]    |
[INFO] [stdout]    = note: `#[warn(unreachable_code)]` on by default
[INFO] [stdout] 
[INFO] [stdout] 
[INFO] [stdout] warning: unreachable statement
[INFO] [stdout]   --> src/main.rs:60:5
[INFO] [stdout]    |
[INFO] [stdout] 53 |       let log_to_file = match configs::CONFIG.behavior
[INFO] [stdout]    |  _______________________-
[INFO] [stdout] 54 | |     {
[INFO] [stdout] 55 | |         Some(x) => if match x.log_to_file{
[INFO] [stdout] 56 | |
[INFO] [stdout] 57 | |         },
[INFO] [stdout] 58 | |         _() => false,
[INFO] [stdout] 59 | |     }
[INFO] [stdout]    | |_____- any code following this expression is unreachable
[INFO] [stdout] 60 |       wd_log::output_to_file(LOGFILE)
[INFO] [stdout]    |       ^^^^^^^^^^^^^^^^^^^^^^^^^^^^^^^ unreachable statement
[INFO] [stdout]    |
[INFO] [stdout]    = note: `#[warn(unreachable_code)]` on by default
[INFO] [stdout] 
[INFO] [stdout] 
[INFO] [stdout] error[E0063]: missing field `log_to_file` in initializer of `Behavior`
[INFO] [stdout]    --> src/configs.rs:102:32
[INFO] [stdout]     |
[INFO] [stdout] 102 |                 behavior: Some(Behavior {
[INFO] [stdout]     |                                ^^^^^^^^ missing `log_to_file`
[INFO] [stdout] 
[INFO] [stdout] 
[INFO] [stdout] error[E0063]: missing field `log_to_file` in initializer of `Behavior`
[INFO] [stdout]    --> src/configs.rs:102:32
[INFO] [stdout]     |
[INFO] [stdout] 102 |                 behavior: Some(Behavior {
[INFO] [stdout]     |                                ^^^^^^^^ missing `log_to_file`
[INFO] [stdout] 
[INFO] [stdout] 
[INFO] [stdout] error[E0752]: `main` function is not allowed to be `async`
[INFO] [stdout]   --> src/main.rs:46:1
[INFO] [stdout]    |
[INFO] [stdout] 46 | async fn main()
[INFO] [stdout]    | ^^^^^^^^^^^^^^^ `main` function is not allowed to be `async`
[INFO] [stdout] 
[INFO] [stdout] 
[INFO] [stdout] error: aborting due to 7 previous errors; 1 warning emitted
[INFO] [stdout] 
[INFO] [stdout] 
[INFO] [stdout] Some errors have detailed explanations: E0063, E0752.
[INFO] [stdout] 
[INFO] [stdout] For more information about an error, try `rustc --explain E0063`.
[INFO] [stdout] 
[INFO] [stderr] error: could not compile `bot_of_justice` (bin "boj") due to 8 previous errors; 1 warning emitted
[INFO] [stderr] warning: build failed, waiting for other jobs to finish...
[INFO] [stdout] error: aborting due to 6 previous errors; 1 warning emitted
[INFO] [stdout] 
[INFO] [stdout] 
[INFO] [stdout] For more information about this error, try `rustc --explain E0063`.
[INFO] [stdout] 
[INFO] [stderr] error: could not compile `bot_of_justice` (bin "boj" test) due to 7 previous errors; 1 warning emitted
[INFO] running `Command { std: "docker" "inspect" "1568e1cb6bd9b7f7d9cbc85f24e514bd2c3e475faf0e785374385dfd41d9f086", kill_on_drop: false }`
[INFO] running `Command { std: "docker" "rm" "-f" "1568e1cb6bd9b7f7d9cbc85f24e514bd2c3e475faf0e785374385dfd41d9f086", kill_on_drop: false }`
[INFO] [stdout] 1568e1cb6bd9b7f7d9cbc85f24e514bd2c3e475faf0e785374385dfd41d9f086
